87696526?
6
What is the thousands digit of 222008801?
8
What is the hundred thousands digit of 8562898?
5
What is the tens digit of 743069618?
1
What is the millions digit of 37070448?
7
What is the millions digit of 296006091?
6
What is the hundred millions digit of 285524317?
2
What is the units digit of 1341190782?
2
What is the hundred millions digit of 377114934?
3
What is the millions digit of 60794819?
0
What is the hundred thousands digit of 494462022?
4
What is the hundred millions digit of 316062359?
3
What is the millions digit of 92847606?
2
What is the units digit of 53864795?
5
What is the tens digit of 3928331319?
1
What is the millions digit of 317412996?
7
What is the thousands digit of 713888794?
8
What is the ten millions digit of 5776423299?
7
What is the tens digit of 61023669?
6
What is the thousands digit of 2932196004?
6
What is the hundreds digit of 367337432?
4
What is the hundred thousands digit of 44238435?
2
What is the hundred millions digit of 2676120764?
6
What is the ten thousands digit of 856555191?
5
What is the thousands digit of 163704390?
4
What is the ten thousands digit of 10948021?
4
What is the thousands digit of 164219072?
9
What is the tens digit of 1829622374?
7
What is the hundred thousands digit of 70675182?
6
What is the thousands digit of 11267491?
7
What is the units digit of 3037762577?
7
What is the tens digit of 122205415?
1
What is the millions digit of 3134745205?
4
What is the millions digit of 61401366?
1
What is the hundreds digit of 147964498?
4
What is the units digit of 27014351?
1
What is the ten thousands digit of 444845317?
4
What is the ten millions digit of 54908535?
5
What is the thousands digit of 129774676?
4
What is the millions digit of 1407267687?
7
What is the millions digit of 1797024214?
7
What is the millions digit of 502887763?
2
What is the units digit of 199586506?
6
What is the millions digit of 400233188?
0
What is the ten millions digit of 204544490?
0
What is the ten thousands digit of 730570067?
7
What is the millions digit of 155693702?
5
What is the ten millions digit of 92527577?
9
What is the billions digit of 2790421237?
2
What is the ten thousands digit of 1427471388?
7
What is the hundred thousands digit of 752374481?
3
What is the thousands digit of 4060596084?
6
What is the hundred millions digit of 651333404?
6
What is the millions digit of 740645303?
0
What is the hundreds digit of 148170114?
1
What is the billions digit of 1824001385?
1
What is the hundred thousands digit of 2452521512?
5
What is the ten thousands digit of 917854742?
5
What is the tens digit of 1070398792?
9
What is the tens digit of 123946962?
6
What is the hundred thousands digit of 698661673?
6
What is the hundred millions digit of 189656466?
1
What is the tens digit of 22277059?
5
What is the ten millions digit of 700360363?
0
What is the ten thousands digit of 66581233?
8
What is the ten thousands digit of 160945565?
4
What is the ten millions digit of 252018760?
5
What is the ten millions digit of 608552778?
0
What is the ten thousands digit of 100870301?
7
What is the hundreds digit of 2031551?
5
What is the units digit of 609309916?
6
What is the ten millions digit of 46488532?
4
What is the ten thousands digit of 1299831754?
3
What is the hundreds digit of 520329689?
6
What is the hundred thousands digit of 1591737?
5
What is the ten thousands digit of 1599659132?
5
What is the ten thousands digit of 1624191830?
9
What is the hundreds digit of 1002083429?
4
What is the thousands digit of 79220179?
0
What is the hundreds digit of 40485524?
5
What is the tens digit of 237726329?
2
What is the thousands digit of 641423184?
3
What is the ten thousands digit of 131007854?
0
What is the ten thousands digit of 244447236?
4
What is the thousands digit of 87002409?
2
What is the millions digit of 236982296?
6
What is the tens digit of 35990732?
3
What is the ten thousands digit of 14768772?
6
What is the hundreds digit of 41812462?
4
What is the hundred thousands digit of 2586729?
5
What is the ten thousands digit of 55061473?
6
What is the hundred thousands digit of 979971183?
9
What is the tens digit of 40125033?
3
What is the units digit of 188659903?
3
What is the tens digit of 5939904?
0
What is the units digit of 7685764?
4
What is the ten thousands digit of 6451960?
5
What is the millions digit of 45122373?
5
What is the units digit of 1866848869?
9
What is the tens digit of 2842133?
3
What is the tens digit of 33589532?
3
What is the thousands digit of 36164155?
4
What is the hundred thousands digit of 407480895?
4
What is the ten millions digit of 700165630?
0
What is the millions digit of 42535122?
2
What is the ten millions digit of 623236525?
2
What is the millions digit of 960870605?
0
What is the thousands digit of 1206268240?
8
What is the units digit of 1164547657?
7
What is the millions digit of 70880441?
0
What is the millions digit of 819819703?
9
What is the thousands digit of 736881047?
1
What is the hundreds digit of 245441522?
5
What is the ten millions digit of 391574586?
9
What is the hundred millions digit of 188014363?
1
What is the ten millions digit of 136255730?
3
What is the hundred thousands digit of 492989005?
9
What is the hundred thousands digit of 90509996?
5
What is the hundred millions digit of 1659817973?
6
What is the hundred millions digit of 172111184?
1
What is the hundred thousands digit of 479373416?
3
What is the units digit of 180132331?
1
What is the thousands digit of 13194031?
4
What is the thousands digit of 1565196495?
6
What is the tens digit of 28166745?
4
What is the hundred thousands digit of 4087979884?
9
What is the millions digit of 195358529?
5
What is the ten millions digit of 575285487?
7
What is the tens digit of 20006203?
0
What is the thousands digit of 133797962?
7
What is the hundred millions digit of 131922515?
1
What is the millions digit of 952278734?
2
What is the tens digit of 222394757?
5
What is the thousands digit of 98861412?
1
What is the hundred thousands digit of 18627473?
6
What is the hundreds digit of 119617127?
1
What is the thousands digit of 24667569?
7
What is the thousands digit of 2287477117?
7
What is the ten thousands digit of 39363367?
6
What is the ten millions digit of 2796791141?
9
What is the units digit of 146386784?
4
What is the thousands digit of 27087860?
7
What is the thousands digit of 218034699?
4
What is the hundreds digit of 36817235?
2
What is the tens digit of 225022880?
8
What is the hundreds digit of 22633647?
6
What is the millions digit of 3258364642?
8
What is the tens digit of 39560900?
0
What is the ten millions digit of 87892330?
8
What is the hundred thousands digit of 31469945?
4
What is the ten millions digit of 1762182276?
6
What is the thousands digit of 4386832741?
2
What is the units digit of 9216994?
4
What is the hundred thousands digit of 933891647?
8
What is the billions digit of 1955600486?
1
What is the hundred thousands digit of 1319498117?
4
What is the ten thousands digit of 1030881887?
8
What is the millions digit of 53609261?
3
What is the millions digit of 857297012?
7
What is the ten millions digit of 51417021?
5
What is the tens digit of 42748058?
5
What is the ten millions digit of 99718997?
9
What is the units digit of 522744470?
0
What is the ten thousands digit of 5306274454?
7
What is the hundred thousands digit of 77845256?
8
What is the hundred millions digit of 191816470?
1
What is the hundred thousands digit of 1602919334?
9
What is the hundred thousands digit of 379124533?
1
What is the ten thousands digit of 1214936968?
3
What is the hundreds digit of 2891285575?
5
What is the ten thousands digit of 6183520855?
2
What is the ten millions digit of 2369949715?
6
What is the hundreds digit of 672397374?
3
What is the ten thousands digit of 1349648702?
4
What is the ten millions digit of 632799342?
3
What is the ten thousands digit of 264410321?
1
What is the ten thousands digit of 61633941?
3
What is the thousands digit of 3601999?
1
What is the billions digit of 6262217981?
6
What is the ten millions digit of 183227341?
8
What is the units digit of 2254227?
7
What is the tens digit of 812054?
5
What is the millions digit of 42022625?
2